y(l). What are the prime factors of d(19)?
2, 3, 71
Let l(d) = 45*d - 5. Let p be l(7). Suppose 110 = 2*m - p. What are the prime factors of m/5 + 1 + -5?
2, 19
Let l be 32/56*(-7)/2. Let f be l + 355 + 5 + -8. Let y = f - 107. What are the prime factors of y?
3
Let k(q) = -9*q - 2*q**3 - 7*q**2 + 5*q**2 + 4*q. What are the prime factors of k(-7)?
7, 89
Let a(p) = -2*p**3 + 6*p**2 + 3*p - 7. Suppose 59*c - 52*c + 28 = 0. What are the prime factors of a(c)?
5, 41
Let q = 2840 - 1778. Suppose -q = -4*r + g, -23*r + 3*g + 1066 = -19*r. List the prime factors of r.
5, 53
List the prime factors of ((-36212841)/3192)/((-2)/16).
3, 30253
Let s be (1 + (-10)/(-2))/(31/(-155)). Let z be ((-4)/(-3))/(-2)*s/(-4). Let c(n) = 6*n**2 - 32. List the prime factors of c(z).
2, 59
Let y(q) = q + 1. Let v(m) = 30*m + 13. Let r(d) = -v(d) - 4*y(d). What are the prime factors of r(-11)?
3, 7, 17
Suppose -2*i - 4546 + 12600 = 0. Suppose -13*t - 36 = -192. Suppose -t*r + i = 991. List the prime factors of r.
11, 23
Let t(z) be the first derivative of -7*z**2/2 - 51*z - 2. Let c = 454 - 465. List the prime factors of t(c).
2, 13
What are the prime factors of (-221806)/(-4) + (-16 - -22)*2/(-8)?
2, 5, 1109
Let g(b) = 5*b - 9. Let r(y) = 6*y - 8. Let u(q) = -5*g(q) + 4*r(q). Let n be u(5). Suppose 73 = m - n. List the prime factors of m.
3
Suppose 2 - 6 = -m. Let j(i) = -33*i**2 - 5. Let u be j(m). Let a = -328 - u. What are the prime factors of a?
5, 41
Suppose -22*j - 14595 + 51357 = 0. What are the prime factors of j?
3, 557
Let x(l) = -4*l - 72. Let k be (-7)/(7/(-3)) - 42/2. Let i be x(k). Suppose q = 5*a + 284, i = 2*q - 6*q - 5*a + 1011. List the prime factors of q.
7, 37
Let k = 20630 + 21506. List the prime factors of k.
2, 23, 229
Suppose 101*h = 109*h. Suppose -4 = -y - 1, -5*p - y + 5763 = h. List the prime factors of p.
2, 3
Let v = 16 - 24. Let t = 16 + v. Suppose -12*h + 44 = -t*h. List the prime factors of h.
11
Let r(b) be the first derivative of -b**3/3 + 7*b**2/2 - 12*b + 31. Let w be r(5). List the prime factors of -5*(4 + w + -24).
2, 5, 11
Let t = -1520 + 6529. List the prime factors of t.
5009
What are the prime factors of (-216)/72 - (-5)/((-5)/(-2212))?
47
Suppose 14*q = 16*q - 10. Let t(i) = -4*i + 26. Let l be t(q). What are the prime factors of (17 - -9)*l/4?
3, 13
Let i = -39801 - -58438. List the prime factors of i.
18637
What are the prime factors of ((-95616)/112 + 16)*14/(-4)?
2, 733
Suppose -3*b - 7*z + 6*z = 108, 5*b = -z - 178. Let o(y) = 3*y**2 - 2*y + 5. Let c be o(-5). Let l = c + b. List the prime factors of l.
5, 11
Let z(c) = -c**2 - 4*c + 3. Let w be z(-4). Suppose -w*l + 4 + 5 = 0. Suppose l*o - 182 = 2*p, 0*p + p - 170 = -3*o. What are the prime factors of o?
2, 29
Let s(m) = -m**3 + 42*m**2 + 18*m - 308. What are the prime factors of s(29)?
71, 157
Let f(n) = -29*n**3 + 1265*n**2 - 21*n - 44. What are the prime factors of f(43)?
5, 29, 223
Let m(x) = 562*x + 12. Let k be m(19). Suppose 12 = -5*o - 13, -k = 5*g - o. What are the prime factors of 3/(-5) + 8 + g/(-15)?
2, 3, 5
Let j(u) = -2*u**2 + 83*u + 38. Let a be j(39). Let d = a - 175. What are the prime factors of d?
2, 29
Let u(b) = -b**2 + 51*b - 339. Let n be u(8). Let h be 3/4 + 1545/4. Suppose -3*z + h = -2*a - 29, -n*z + 2*a + 688 = 0. List the prime factors of z.
2, 17
Suppose -10*b + 201724 + 5336 = 0. What are the prime factors of b?
2, 3, 7, 17, 29
Suppose -2*l = -7522 + 150. List the prime factors of l.
2, 19, 97
Suppose -394*u + 24 = -400*u. Let w(y) = -6*y**3 - 3*y**2 - 7*y + 1. What are the prime factors of w(u)?
5, 73
Suppose 2*u - 5*i + 0 = 8, 2*u + 5*i = 8. Suppose -15 = -u*o - o, b = -3*o + 509. Suppose b = 5*f + 120. What are the prime factors of f?
2, 19
Let y(g) = 3*g**2 + 72*g - 359. List the prime factors of y(32).
29, 173
Let z(b) = 511*b + 139. Let s be z(5). Suppose 30*w - s = 24*w. List the prime factors of w.
449
Let i(f) be the first derivative of 14*f**2 + 81*f - 85. List the prime factors of i(13).
5, 89
Let p be 0/((1 + -3 - -1) + 2). Let c be -1362*(1/(-3) + p). Suppose 676 + c = 10*o. List the prime factors of o.
113
Suppose 4*a - 5*t = 30181 + 1361, 2*t = a - 7884. What are the prime factors of a?
2, 17, 29
Let b(k) = k + 4. Let q be b(5). Suppose 4*v = 3*v - 5*t + 71, -3*t = q. What are the prime factors of v + -1*(-4 + 5)?
5, 17
Let u = -2499 - -7897. List the prime factors of u.
2, 2699
Let g = -14543 - -14935. List the prime factors of g.
2, 7
Let d be (-2 - -8) + (-583)/(-11). Let q be (-3)/7 + 6/14. Suppose -61*a + d*a + 344 = q. What are the prime factors of a?
2, 43
Suppose 17*g + 56160 = -7*g + 29*g. List the prime factors of g.
2, 3, 13
Let u be 18/(-72) + (-42)/(-8). Suppose u*d = 2*l - 2, -4*d - l = -2*l + 1. Suppose -11*s + 3*s + 240 = d. What are the prime factors of s?
2, 3, 5
What are the prime factors of (58320/630)/((-927)/(-231) - 4)?
2, 3, 11
Let n be (-11)/((-165)/(-18))*(-30)/12. Suppose -212 = -z - 5*d, -n*z + 3*d + 301 = -407. What are the prime factors of z?
2, 29
Let l(p) = p**2 - 5*p - 292. Let k be (-3 + 7 + -4)/(-2). Let z be l(k). Let y = z - -432. What are the prime factors of y?
2, 5, 7
Suppose 0 = -128*f + 1203214 - 380174. List the prime factors of f.
2, 5, 643
Let n(u) = -75*u**2 + 154*u**2 - 1 + 5*u**3 - 78*u**2. Let q be n(1). Suppose -q*p + 5 + 190 = 0. What are the prime factors of p?
3, 13
Suppose 5*o = 2*w - 2149, -50*w = -49*w + 5*o - 1052. Let k = -450 + w. List the prime factors of k.
617
Suppose 15*z + 1034 = 51884. What are the prime factors of z?
2, 3, 5, 113
Suppose -210*j + 1646870 = 181*j - 334327. List the prime factors of j.
3, 563
Let k = 17334 - 5794. What are the prime factors of k?
2, 5, 577
Suppose 5*u - 240 = 21*u. Suppose 4*y - w = -144, 189 = -6*y + y - w. Let g = u - y. List the prime factors of g.
2, 11
Let p(u) = u**3 + u**2. Let m be p(1). Let k(b) = 8*b**2 + 6*b + 0*b**m - 14 + 19 - 7 + b**3. List the prime factors of k(-6).
2, 17
Let j(h) = h**2 - 4*h + 4. Let a be j(4). Suppose -a*g = -l - 3, 2 + 0 = 2*g. What are the prime factors of (-449)/(-5) - l/(-5)?
2, 3, 5
Let r(q) = -26 + q + 10 + q + 0*q. Let l be r(12). Suppose 4*o - l*o + 224 = 0. List the prime factors of o.
2, 7
Let z = 74185 + -52081. What are the prime factors of z?
2, 3, 307
Let q(c) = 6*c - 26. Let d be q(7). Suppose -636 = -d*p + 2676. List the prime factors of p.
3, 23
Let w be (-1 - -8) + 0 + 5 + -10. Suppose w*o - 2254 = -4*z + o, -3*o = 6. What are the prime factors of z?
2, 3, 47
Let r(f) = -8 - 4*f - 1 + 25*f**2 - 7*f**2 - 3. Let i be r(-5). Suppose 2*b + 82 - i = 0. What are the prime factors of b?
2, 47
Let w = 214 + -152. Let p be w/22 + 28/154. What are the prime factors of p - ((-12)/(-10))/(4/(-260))?
3
Let n = -12602 + 51686. List the prime factors of n.
2, 3, 3257
Let s = 11075 + -1700. List the prime factors of s.
3, 5
What are the prime factors of ((-6)/(-15))/((-58)/(-3716060))?
2, 43, 149
What are the prime factors of -2*6/32 + 1064904/192?
2, 47, 59
Let d(x) = -12*x - x**3 + 20 - x + 0*x**3 - 15*x**2. Let c be d(-14). Suppose 2*h + c = 42. List the prime factors of h.
2, 3
Let d(t) = 4 + 8 + 3*t - 2 + 6. What are the prime factors of d(5)?
31
Let v(t) = -5*t**3 - 40*t**2 - 14*t - 17. Suppose -214*p = -213*p + 10. What are the prime factors of v(p)?
1123
Let c = 177 + 155. Suppose -4*v - c = -u, 2*u + 364 = 3*u + 4*v. Let w = u - 154. What are the prime factors of w?
2, 97
List the prime factors of (-32)/(-192)*-2*(-3 + -19728).
6577
Let d(k) = k - 2. Let i be d(5). Suppose -i*q + 525 = -0*q. Let b = q - 96. What are the prime factors of b?
79
Let p = -35949 + 78992. List the prime factors of p.
7, 11, 13, 43
Let r(c) = -116*c**3 - 3*c**2 + 13*c + 46. What are the prime factors of r(-5)?
2, 3, 7
Let p(m) = 285*m - 10. Let v be 5 + (-3 - (6 - 5)). List the prime factors of p(v).
5, 11
Suppose 0 = 10*v - 8*v - 3488. Suppose -6*q + 2*q = 4*x - v, -x + 430 = 4*q. List the prime factors of x.
2, 3, 73
Let t(b) = 315*b + 414. List the prime factors of t(34).
2, 3, 103
Let d(u) = u**3 + 46*u**2 + 49*u - 195. List the prime factors of d(-35).
3, 5, 257
Let h = 58243 + -31656. List the prime factors of h.
11, 2417
What are the prime factors of (-1)/(7/210)*((-7120)/(-25))/(-4)?
2, 3, 89
L